/*
Navicat MySQL Data Transfer
*/



-- ----------------------------
-- Table structure for `cats`
-- ----------------------------
CREATE TABLE `cats` (
  `id` int(11) NOT NULL AUTO_INCREMENT,
  `id_full` varchar(255) NOT NULL DEFAULT '',
  `is_link` tinyint(4) NOT NULL DEFAULT '0',
  `id_real` int(20) NOT NULL DEFAULT '0',
  `title` varchar(255) NOT NULL DEFAULT '',
  `title_full` text NOT NULL,
  `path` varchar(255) NOT NULL DEFAULT '',
  `path_full` text NOT NULL,
  `parent_id` int(11) NOT NULL DEFAULT '0',
  `child_id_list` text NOT NULL,
  `tree_level` int(11) NOT NULL DEFAULT '0',
  `item_count` int(11) NOT NULL DEFAULT '0',
  `item_count_full` int(11) NOT NULL DEFAULT '0',
  `link_count` int(11) NOT NULL DEFAULT '0',
  `link_count_full` int(11) NOT NULL DEFAULT '0',
  `article_count` int(11) NOT NULL DEFAULT '0',
  `article_count_full` int(11) NOT NULL DEFAULT '0',
  `last_update` datetime NOT NULL DEFAULT '0000-00-00 00:00:00',
  `sort_order` int(11) NOT NULL DEFAULT '1000',
  `sort_order_global` int(11) NOT NULL DEFAULT '0',
  `meta_keywords` text,
  `meta_descr` text,
  `image` mediumblob,
  `image_mime` varchar(20) DEFAULT NULL,
  `descr` text,
  `theme_id` int(11) NOT NULL DEFAULT '0',
  `disable_add` tinyint(4) NOT NULL DEFAULT '0',
  `disable_child_add` tinyint(4) NOT NULL DEFAULT '0',
  `display` tinyint(4) NOT NULL DEFAULT '1',
  `items_sort_order` tinyint(4) NOT NULL DEFAULT '-1',
  PRIMARY KEY (`id`),
  KEY `sort_order` (`parent_id`,`sort_order`,`title`),
  KEY `path_full` (`path_full`(255)),
  FULLTEXT KEY `title` (`title`)
) ENGINE=MyISAM AUTO_INCREMENT=55 DEFAULT CHARSET=utf8;

-- ----------------------------
-- Records of cats
-- ----------------------------
INSERT INTO `cats` VALUES ('1', '1', '0', '0', 'Главная', 'Главная', '', '', '-1', '2,4,5,6,7,8,9,10,11,12,13,14,15,16,17,18,19,20,21,22,23,24,25,26,27,28,29,30,31,32,33,34,35,36,37,38,39,40,41,42,43,44,45,46,47,48,49,50,51', '0', '0', '113', '0', '107', '0', '6', '0000-00-00 00:00:00', '1000', '9', null, null, 0x[BLOB], 'image/gif', null, '0', '0', '0', '1', '-1');
INSERT INTO `cats` VALUES ('2', '1/35/2', '0', '0', 'Daewoo', 'Корейские автомобили ::: Daewoo', 'daewoo', 'corean/daewoo', '35', '', '2', '3', '3', '3', '3', '0', '0', '0000-00-00 00:00:00', '1000', '13', 'daewoo', null, 0x[BLOB], 'image/gif', null, '0', '0', '0', '1', '-1');
INSERT INTO `cats` VALUES ('4', '1/33/4', '0', '0', 'Infiniti', 'Японские автомобили ::: Infiniti', 'infiniti', 'japan/infiniti', '33', '', '2', '3', '3', '3', '3', '0', '0', '0000-00-00 00:00:00', '1000', '30', 'infiniti', null, 0x[BLOB], 'image/gif', null, '0', '0', '0', '1', '-1');
INSERT INTO `cats` VALUES ('5', '1/36/5', '0', '0', 'Skoda', 'Другие страны ::: Skoda', 'skoda', 'other/skoda', '36', '', '2', '3', '3', '3', '3', '0', '0', '0000-00-00 00:00:00', '1000', '38', 'skoda', null, 0x[BLOB], 'image/gif', null, '0', '0', '0', '1', '-1');
INSERT INTO `cats` VALUES ('6', '1/30/6', '0', '0', 'Audi', 'Немецкие автомобили ::: Audi', 'audi', 'german/audi', '30', '', '2', '3', '3', '3', '3', '0', '0', '0000-00-00 00:00:00', '1000', '17', 'audi', null, 0x[BLOB], 'image/gif', null, '0', '0', '0', '1', '-1');
INSERT INTO `cats` VALUES ('7', '1/34/7', '0', '0', 'Dodge', 'Американские автомобили ::: Dodge', 'dodge', 'usa/dodge', '34', '', '2', '3', '3', '3', '3', '0', '0', '0000-00-00 00:00:00', '1000', '6', 'dodge', null, 0x[BLOB], 'image/gif', null, '0', '0', '0', '1', '-1');
INSERT INTO `cats` VALUES ('8', '1/30/8', '0', '0', 'BMW', 'Немецкие автомобили ::: BMW', 'bmw', 'german/bmw', '30', '', '2', '3', '3', '3', '3', '0', '0', '0000-00-00 00:00:00', '1000', '18', 'bmw', null, 0x[BLOB], 'image/gif', null, '0', '0', '0', '1', '-1');
INSERT INTO `cats` VALUES ('9', '1/33/9', '0', '0', 'Mitsubishi', 'Японские автомобили ::: Mitsubishi', 'mitsubishi', 'japan/mitsubishi', '33', '', '2', '3', '3', '3', '3', '0', '0', '0000-00-00 00:00:00', '1000', '32', 'mitsubishi', null, 0x[BLOB], 'image/gif', null, '0', '0', '0', '1', '-1');
INSERT INTO `cats` VALUES ('10', '1/32/10', '0', '0', 'Fiat', 'Итальянские автомобили ::: Fiat', 'fiat', 'italian/fiat', '32', '', '2', '3', '3', '3', '3', '0', '0', '0000-00-00 00:00:00', '1000', '11', 'fiat', null, 0x[BLOB], 'image/gif', null, '0', '0', '0', '1', '-1');
INSERT INTO `cats` VALUES ('11', '1/34/11', '0', '0', 'Jeep', 'Американские автомобили ::: Jeep', 'jeep', 'usa/jeep', '34', '', '2', '3', '3', '3', '3', '0', '0', '0000-00-00 00:00:00', '1000', '8', 'jeep', null, 0x[BLOB], 'image/gif', null, '0', '0', '0', '1', '-1');
INSERT INTO `cats` VALUES ('12', '1/33/12', '0', '0', 'Nissan', 'Японские автомобили ::: Nissan', 'nissan', 'japan/nissan', '33', '', '2', '3', '3', '3', '3', '0', '0', '0000-00-00 00:00:00', '1000', '33', 'nissan', null, 0x[BLOB], 'image/gif', null, '0', '0', '0', '1', '-1');
INSERT INTO `cats` VALUES ('13', '1/33/13', '0', '0', 'Subaru', 'Японские автомобили ::: Subaru', 'subaru', 'japan/subaru', '33', '', '2', '3', '3', '3', '3', '0', '0', '0000-00-00 00:00:00', '1000', '34', 'subaru', null, 0x[BLOB], 'image/gif', null, '0', '0', '0', '1', '-1');
INSERT INTO `cats` VALUES ('14', '1/34/14', '0', '0', 'Ford', 'Американские автомобили ::: Ford', 'ford', 'usa/ford', '34', '', '2', '3', '3', '3', '3', '0', '0', '0000-00-00 00:00:00', '1000', '7', 'ford', null, 0x[BLOB], 'image/gif', null, '0', '0', '0', '1', '-1');
INSERT INTO `cats` VALUES ('15', '1/35/15', '0', '0', 'KIA', 'Корейские автомобили ::: KIA', 'kia', 'corean/kia', '35', '', '2', '3', '3', '3', '3', '0', '0', '0000-00-00 00:00:00', '1000', '15', 'kia', null, 0x[BLOB], 'image/gif', null, '0', '0', '0', '1', '-1');
INSERT INTO `cats` VALUES ('16', '1/30/16', '0', '0', 'Opel', 'Немецкие автомобили ::: Opel', 'opel', 'german/opel', '30', '', '2', '3', '3', '3', '3', '0', '0', '0000-00-00 00:00:00', '1000', '20', 'opel', null, 0x[BLOB], 'image/gif', null, '0', '0', '0', '1', '-1');
INSERT INTO `cats` VALUES ('17', '1/33/17', '0', '0', 'Suzuki', 'Японские автомобили ::: Suzuki', 'suzuki', 'japan/suzuki', '33', '', '2', '3', '3', '3', '3', '0', '0', '0000-00-00 00:00:00', '1000', '35', 'suzuki', null, 0x[BLOB], 'image/gif', null, '0', '0', '0', '1', '-1');
INSERT INTO `cats` VALUES ('18', '1/31/18', '0', '0', 'Peugeot', 'Французские автомобили ::: Peugeot', 'peugeot', 'french/peugeot', '31', '', '2', '3', '3', '3', '3', '0', '0', '0000-00-00 00:00:00', '1000', '26', 'peugeot', null, 0x[BLOB], 'image/gif', null, '0', '0', '0', '1', '-1');
INSERT INTO `cats` VALUES ('19', '1/33/19', '0', '0', 'Toyota', 'Японские автомобили ::: Toyota', 'toyota', 'japan/toyota', '33', '', '2', '3', '3', '3', '3', '0', '0', '0000-00-00 00:00:00', '1000', '36', 'toyota', null, 0x[BLOB], 'image/gif', null, '0', '0', '0', '1', '-1');
INSERT INTO `cats` VALUES ('20', '1/34/20', '0', '0', 'Chevrolet', 'Американские автомобили ::: Chevrolet', 'chevrolet', 'usa/chevrolet', '34', '', '2', '3', '3', '3', '3', '0', '0', '0000-00-00 00:00:00', '1000', '5', 'chevrolet', null, 0x[BLOB], 'image/gif', null, '0', '0', '0', '1', '-1');
INSERT INTO `cats` VALUES ('21', '1/33/21', '0', '0', 'Lexus', 'Японские автомобили ::: Lexus', 'lexus', 'japan/lexus', '33', '', '2', '3', '3', '3', '3', '0', '0', '0000-00-00 00:00:00', '1000', '31', 'lexus', null, 0x[BLOB], 'image/gif', null, '0', '0', '0', '1', '-1');
INSERT INTO `cats` VALUES ('22', '1/30/22', '0', '0', 'Volkswagen', 'Немецкие автомобили ::: Volkswagen', 'volkswagen', 'german/volkswagen', '30', '', '2', '3', '3', '3', '3', '0', '0', '0000-00-00 00:00:00', '1000', '21', 'volkswagen', null, 0x[BLOB], 'image/gif', null, '0', '0', '0', '1', '-1');
INSERT INTO `cats` VALUES ('23', '1/33/23', '0', '0', 'Honda', 'Японские автомобили ::: Honda', 'honda', 'japan/honda', '33', '', '2', '3', '3', '3', '3', '0', '0', '0000-00-00 00:00:00', '1000', '29', 'honda', null, 0x[BLOB], 'image/gif', null, '0', '0', '0', '1', '-1');
INSERT INTO `cats` VALUES ('24', '1/31/24', '0', '0', 'Renault', 'Французские автомобили ::: Renault', 'renaul', 'french/renaul', '31', '', '2', '3', '3', '3', '3', '0', '0', '0000-00-00 00:00:00', '1000', '27', 'renault', null, 0x[BLOB], 'image/gif', null, '0', '0', '0', '1', '-1');
INSERT INTO `cats` VALUES ('25', '1/36/25', '0', '0', 'Volvo', 'Другие страны ::: Volvo', 'volvo', 'other/volvo', '36', '', '2', '3', '3', '3', '3', '0', '0', '0000-00-00 00:00:00', '1000', '39', 'volvo', '', 0x[BLOB], 'image/gif', '', '0', '0', '0', '1', '-1');
INSERT INTO `cats` VALUES ('26', '1/31/26', '0', '0', 'Citroen', 'Французские автомобили ::: Citroen', 'citroen', 'french/citroen', '31', '', '2', '3', '3', '3', '3', '0', '0', '0000-00-00 00:00:00', '1000', '25', 'citroen', null, 0x[BLOB], 'image/gif', null, '0', '0', '0', '1', '-1');
INSERT INTO `cats` VALUES ('27', '1/35/27', '0', '0', 'Hyundai', 'Корейские автомобили ::: Hyundai', 'hyundai', 'corean/hyundai', '35', '', '2', '3', '3', '3', '3', '0', '0', '0000-00-00 00:00:00', '1000', '14', 'hyundai', null, 0x[BLOB], 'image/gif', null, '0', '0', '0', '1', '-1');
INSERT INTO `cats` VALUES ('28', '1/30/28', '0', '0', 'Mercedes', 'Немецкие автомобили ::: Mercedes', 'mercedes', 'german/mercedes', '30', '', '2', '3', '3', '3', '3', '0', '0', '0000-00-00 00:00:00', '1000', '19', 'mercedes', null, 0x[BLOB], 'image/gif', null, '0', '0', '0', '1', '-1');
INSERT INTO `cats` VALUES ('29', '1/29', '0', '0', 'Автомобили', 'Автомобили', 'russian', 'russian', '1', '37,38,45', '1', '0', '9', '0', '9', '0', '0', '0000-00-00 00:00:00', '900', '0', 'российские автомобили', '', 0x[BLOB], 'image/gif', 'Многие думают, что Lorem Ipsum - взятый спсевдо-латинский набор слов, но это не совсем так корни уходят в один фрагмент классической латыни 45 года н.э.Многие думают, что Lorem Ipsum - взятый спсевдо-латинский набор слов, но это не совсем так корни уходят в один фрагмент классической латыни 45 года н.э.', '0', '0', '0', '1', '-1');
INSERT INTO `cats` VALUES ('30', '1/30', '0', '0', 'Немецкие автомобили', 'Немецкие автомобили', 'german', 'german', '1', '6,8,16,22,28', '1', '0', '15', '0', '15', '0', '0', '0000-00-00 00:00:00', '1000', '16', 'Немецкие автомобили', null, 0x[BLOB], 'image/gif', null, '0', '0', '0', '1', '-1');
INSERT INTO `cats` VALUES ('31', '1/31', '0', '0', 'Французские автомобили', 'Французские автомобили', 'french', 'french', '1', '18,24,26', '1', '0', '9', '0', '9', '0', '0', '0000-00-00 00:00:00', '1000', '24', 'французские автомобили', null, 0x[BLOB], 'image/gif', null, '0', '0', '0', '1', '-1');
INSERT INTO `cats` VALUES ('32', '1/32', '0', '0', 'Итальянские автомобили', 'Итальянские автомобили', 'italian', 'italian', '1', '10', '1', '0', '3', '0', '3', '0', '0', '0000-00-00 00:00:00', '1000', '10', 'итальянские автомобили', null, 0x[BLOB], 'image/gif', null, '0', '0', '0', '1', '-1');
INSERT INTO `cats` VALUES ('33', '1/33', '0', '0', 'Японские автомобили', 'Японские автомобили', 'japan', 'japan', '1', '4,9,12,13,17,19,21,23', '1', '1', '25', '1', '25', '0', '0', '0000-00-00 00:00:00', '1000', '28', 'Японские автомобили', null, 0x[BLOB], 'image/gif', null, '0', '0', '0', '1', '-1');
INSERT INTO `cats` VALUES ('34', '1/34', '0', '0', 'Американские автомобили', 'Американские автомобили', 'usa', 'usa', '1', '7,11,14,20', '1', '0', '12', '0', '12', '0', '0', '0000-00-00 00:00:00', '1000', '4', 'Американские автомобили', null, 0x[BLOB], 'image/gif', null, '0', '0', '0', '1', '-1');
INSERT INTO `cats` VALUES ('35', '1/35', '0', '0', 'Корейские автомобили', 'Корейские автомобили', 'corean', 'corean', '1', '2,15,27', '1', '0', '9', '0', '9', '0', '0', '0000-00-00 00:00:00', '1000', '12', 'Корейские автомобили', null, 0x[BLOB], 'image/gif', null, '0', '0', '0', '1', '-1');
INSERT INTO `cats` VALUES ('36', '1/36', '0', '0', 'Другие страны', 'Другие страны', 'other', 'other', '1', '5,25,46', '1', '0', '9', '0', '9', '0', '0', '0000-00-00 00:00:00', '1100', '37', null, null, 0x[BLOB], 'image/gif', null, '0', '0', '0', '1', '-1');
INSERT INTO `cats` VALUES ('37', '1/29/37', '0', '0', 'ВАЗ', 'Автомобили ::: ВАЗ', 'vaz', 'russian/vaz', '29', '', '2', '3', '3', '3', '3', '0', '0', '0000-00-00 00:00:00', '1000', '1', 'ваз', null, 0x[BLOB], 'image/gif', null, '0', '0', '0', '1', '-1');
INSERT INTO `cats` VALUES ('38', '1/29/38', '0', '0', 'ГАЗ', 'Автомобили ::: ГАЗ', 'gaz', 'russian/gaz', '29', '', '2', '3', '3', '3', '3', '0', '0', '0000-00-00 00:00:00', '1000', '2', 'газ', null, 0x[BLOB], 'image/gif', null, '0', '0', '0', '1', '-1');
INSERT INTO `cats` VALUES ('39', '1/39', '0', '0', 'CNCat', 'CNCat', 'cncatlinks', 'cncatlinks', '1', '40,41,42,47,48,49', '1', '0', '16', '0', '10', '0', '6', '0000-00-00 00:00:00', '10000', '43', 'cncat', null, 0x[BLOB], 'image/gif', null, '0', '0', '0', '1', '-1');
INSERT INTO `cats` VALUES ('40', '1/39/40', '0', '0', 'Полезные сайты', 'CNCat ::: Полезные сайты', 'sites', 'cncatlinks/sites', '39', '', '2', '3', '3', '3', '3', '0', '0', '0000-00-00 00:00:00', '1000', '44', 'cncat', null, '', null, null, '0', '0', '0', '1', '-1');
INSERT INTO `cats` VALUES ('41', '1/39/41', '0', '0', 'Примеры каталогов', 'CNCat ::: Примеры каталогов', 'samples', 'cncatlinks/samples', '39', '', '2', '8', '8', '8', '8', '0', '0', '0000-00-00 00:00:00', '1000', '45', 'cncat примеры каталогов', null, '', null, null, '0', '0', '0', '1', '-1');
INSERT INTO `cats` VALUES ('42', '1/39/42', '0', '0', 'Статьи', 'CNCat ::: Статьи', 'articles', 'cncatlinks/articles', '39', '47,48,49', '2', '0', '6', '0', '0', '0', '6', '0000-00-00 00:00:00', '1000', '46', 'статьи cncat', null, '', null, null, '0', '0', '0', '1', '-1');
INSERT INTO `cats` VALUES ('43', '1/43', '0', '0', 'Автомобильные СМИ', 'Автомобильные СМИ', 'smi', 'smi', '1', '', '1', '3', '3', '3', '3', '0', '0', '0000-00-00 00:00:00', '5000', '42', 'автомобильные сми', null, 0x[BLOB], 'image/gif', null, '0', '0', '0', '1', '-1');
INSERT INTO `cats` VALUES ('44', '1/44', '0', '0', 'Полезная информация', 'Полезная информация', 'info', 'info', '1', '', '1', '3', '3', '3', '3', '0', '0', '0000-00-00 00:00:00', '2000', '41', 'Полезная информация', null, 0x[BLOB], 'image/gif', null, '0', '0', '0', '1', '-1');
INSERT INTO `cats` VALUES ('45', '1/29/45', '0', '0', 'УАЗ', 'Автомобили ::: УАЗ', 'uaz', 'russian/uaz', '29', '', '2', '3', '3', '3', '3', '0', '0', '0000-00-00 00:00:00', '1000', '3', 'уаз', '', 0x[BLOB], 'image/gif', '', '0', '0', '0', '1', '-1');
INSERT INTO `cats` VALUES ('46', '1/36/46', '0', '0', 'ЗАЗ', 'Другие страны ::: ЗАЗ', 'zaz', 'other/zaz', '36', '', '2', '3', '3', '3', '3', '0', '0', '0000-00-00 00:00:00', '1000', '40', 'заз', null, 0x[BLOB], 'image/gif', null, '0', '0', '0', '1', '-1');
INSERT INTO `cats` VALUES ('47', '1/39/42/47', '0', '0', 'Оформление', 'CNCat ::: Статьи ::: Оформление', 'design', 'cncatlinks/articles/design', '42', '', '3', '1', '1', '0', '0', '1', '1', '0000-00-00 00:00:00', '1000', '49', 'оформление cncat web-catalogue каталог web-ресурсов', '', '', '', '', '0', '0', '0', '1', '-1');
INSERT INTO `cats` VALUES ('48', '1/39/42/48', '0', '0', 'Баннеры', 'CNCat ::: Статьи ::: Баннеры', 'banners', 'cncatlinks/articles/banners', '42', '', '3', '4', '4', '0', '0', '4', '4', '0000-00-00 00:00:00', '1000', '48', 'баннеры, web-catalogue', '', '', '', '', '0', '0', '0', '1', '-1');
INSERT INTO `cats` VALUES ('49', '1/39/42/49', '0', '0', 'API', 'CNCat ::: Статьи ::: API', 'api', 'cncatlinks/articles/api', '42', '', '3', '1', '1', '0', '0', '1', '1', '0000-00-00 00:00:00', '1000', '47', 'api, web-catalogue', '', '', '', '', '0', '0', '0', '1', '-1');
INSERT INTO `cats` VALUES ('50', '1/50', '0', '0', 'Область Украины', 'Область Украины', 'oblast', 'oblast', '1', '51', '1', '0', '0', '0', '0', '0', '0', '0000-00-00 00:00:00', '1000', '22', '', '', '', '', 'Описание категории', '0', '0', '0', '1', '-1');
INSERT INTO `cats` VALUES ('51', '1/50/51', '0', '0', 'Киев', 'Область Украины ::: Киев', 'kiev', 'oblast/kiev', '50', '', '2', '0', '0', '0', '0', '0', '0', '0000-00-00 00:00:00', '1000', '23', '', '', '', '', '', '0', '0', '0', '1', '-1');


-- ----------------------------
-- Table structure for `itemcat`
-- ----------------------------
CREATE TABLE `itemcat` (
  `item_id` int(11) NOT NULL DEFAULT '0',
  `cat_id` int(11) NOT NULL DEFAULT '0',
  `oblast_id` int(11) NOT NULL DEFAULT '0',
  `priority` smallint(6) NOT NULL DEFAULT '0',
  `item_status` tinyint(4) NOT NULL DEFAULT '0',
  `item_type` tinyint(4) NOT NULL DEFAULT '0',
  KEY `item_id` (`item_id`),
  KEY `item_status` (`item_status`,`cat_id`),
  KEY `oblast_id` (`oblast_id`)
) ENGINE=MyISAM DEFAULT CHARSET=utf8;

-- ----------------------------
-- Records of itemcat
-- ----------------------------
INSERT INTO `itemcat` VALUES ('1', '10', '0', '0', '1', '0');
INSERT INTO `itemcat` VALUES ('3', '22', '0', '0', '1', '0');
INSERT INTO `itemcat` VALUES ('4', '6', '0', '0', '1', '0');
INSERT INTO `itemcat` VALUES ('5', '8', '0', '0', '1', '0');
INSERT INTO `itemcat` VALUES ('6', '28', '0', '0', '1', '0');
INSERT INTO `itemcat` VALUES ('7', '24', '0', '0', '1', '0');
INSERT INTO `itemcat` VALUES ('8', '5', '0', '0', '1', '0');
INSERT INTO `itemcat` VALUES ('9', '25', '0', '0', '1', '0');
INSERT INTO `itemcat` VALUES ('10', '23', '0', '0', '1', '0');
INSERT INTO `itemcat` VALUES ('11', '4', '0', '0', '1', '0');
INSERT INTO `itemcat` VALUES ('12', '21', '0', '0', '1', '0');
INSERT INTO `itemcat` VALUES ('14', '9', '0', '0', '1', '0');
INSERT INTO `itemcat` VALUES ('15', '12', '0', '0', '1', '0');
INSERT INTO `itemcat` VALUES ('16', '13', '0', '0', '1', '0');
INSERT INTO `itemcat` VALUES ('17', '17', '0', '0', '1', '0');
INSERT INTO `itemcat` VALUES ('18', '19', '0', '0', '1', '0');
INSERT INTO `itemcat` VALUES ('19', '18', '0', '0', '1', '0');
INSERT INTO `itemcat` VALUES ('20', '26', '0', '0', '1', '0');
INSERT INTO `itemcat` VALUES ('21', '38', '0', '0', '1', '0');
INSERT INTO `itemcat` VALUES ('22', '37', '0', '0', '1', '0');
INSERT INTO `itemcat` VALUES ('23', '16', '0', '0', '1', '0');
INSERT INTO `itemcat` VALUES ('24', '15', '0', '0', '1', '0');
INSERT INTO `itemcat` VALUES ('25', '27', '0', '0', '1', '0');
INSERT INTO `itemcat` VALUES ('26', '2', '0', '0', '1', '0');
INSERT INTO `itemcat` VALUES ('27', '11', '0', '0', '1', '0');
INSERT INTO `itemcat` VALUES ('28', '14', '0', '0', '1', '0');
INSERT INTO `itemcat` VALUES ('29', '7', '0', '0', '1', '0');
INSERT INTO `itemcat` VALUES ('30', '20', '0', '0', '1', '0');
INSERT INTO `itemcat` VALUES ('31', '15', '0', '0', '1', '0');
INSERT INTO `itemcat` VALUES ('32', '17', '0', '0', '1', '0');
INSERT INTO `itemcat` VALUES ('33', '21', '0', '0', '1', '0');
INSERT INTO `itemcat` VALUES ('34', '44', '0', '0', '1', '0');
INSERT INTO `itemcat` VALUES ('35', '44', '0', '0', '1', '0');
INSERT INTO `itemcat` VALUES ('36', '33', '0', '0', '1', '0');
INSERT INTO `itemcat` VALUES ('37', '43', '0', '0', '1', '0');
INSERT INTO `itemcat` VALUES ('38', '44', '0', '0', '1', '0');
INSERT INTO `itemcat` VALUES ('39', '22', '0', '0', '1', '0');
INSERT INTO `itemcat` VALUES ('40', '22', '0', '0', '1', '0');
INSERT INTO `itemcat` VALUES ('41', '6', '0', '0', '1', '0');
INSERT INTO `itemcat` VALUES ('42', '6', '0', '0', '1', '0');
INSERT INTO `itemcat` VALUES ('43', '8', '0', '0', '1', '0');
INSERT INTO `itemcat` VALUES ('44', '21', '0', '0', '1', '0');
INSERT INTO `itemcat` VALUES ('45', '28', '0', '0', '1', '0');
INSERT INTO `itemcat` VALUES ('46', '8', '0', '0', '1', '0');
INSERT INTO `itemcat` VALUES ('47', '28', '0', '0', '1', '0');
INSERT INTO `itemcat` VALUES ('48', '24', '57', '0', '1', '0');
INSERT INTO `itemcat` VALUES ('49', '24', '0', '0', '1', '0');
INSERT INTO `itemcat` VALUES ('50', '5', '0', '0', '1', '0');
INSERT INTO `itemcat` VALUES ('51', '5', '0', '0', '1', '0');
INSERT INTO `itemcat` VALUES ('52', '25', '0', '0', '1', '0');
INSERT INTO `itemcat` VALUES ('53', '25', '0', '0', '1', '0');
INSERT INTO `itemcat` VALUES ('54', '10', '0', '0', '1', '0');
INSERT INTO `itemcat` VALUES ('55', '10', '0', '0', '1', '0');
INSERT INTO `itemcat` VALUES ('56', '23', '0', '0', '1', '0');
INSERT INTO `itemcat` VALUES ('57', '23', '0', '0', '1', '0');
INSERT INTO `itemcat` VALUES ('58', '4', '0', '0', '1', '0');
INSERT INTO `itemcat` VALUES ('59', '4', '0', '0', '1', '0');
INSERT INTO `itemcat` VALUES ('60', '9', '0', '0', '1', '0');
INSERT INTO `itemcat` VALUES ('61', '9', '0', '0', '1', '0');
INSERT INTO `itemcat` VALUES ('62', '12', '0', '0', '1', '0');
INSERT INTO `itemcat` VALUES ('63', '12', '0', '0', '1', '0');
INSERT INTO `itemcat` VALUES ('64', '13', '0', '0', '1', '0');
INSERT INTO `itemcat` VALUES ('65', '13', '0', '0', '1', '0');
INSERT INTO `itemcat` VALUES ('67', '40', '0', '0', '1', '0');
INSERT INTO `itemcat` VALUES ('68', '40', '0', '0', '1', '0');
INSERT INTO `itemcat` VALUES ('69', '40', '0', '0', '1', '0');
INSERT INTO `itemcat` VALUES ('70', '41', '0', '0', '1', '0');
INSERT INTO `itemcat` VALUES ('69', '41', '0', '0', '1', '0');
INSERT INTO `itemcat` VALUES ('71', '17', '0', '0', '1', '0');
INSERT INTO `itemcat` VALUES ('72', '19', '0', '0', '1', '0');
INSERT INTO `itemcat` VALUES ('73', '19', '0', '0', '1', '0');
INSERT INTO `itemcat` VALUES ('74', '16', '0', '0', '1', '0');
INSERT INTO `itemcat` VALUES ('75', '16', '0', '0', '1', '0');
INSERT INTO `itemcat` VALUES ('76', '26', '0', '0', '1', '0');
INSERT INTO `itemcat` VALUES ('77', '26', '0', '0', '1', '0');
INSERT INTO `itemcat` VALUES ('78', '18', '0', '0', '1', '0');
INSERT INTO `itemcat` VALUES ('79', '18', '0', '0', '1', '0');
INSERT INTO `itemcat` VALUES ('80', '46', '0', '0', '1', '0');
INSERT INTO `itemcat` VALUES ('81', '46', '0', '0', '1', '0');
INSERT INTO `itemcat` VALUES ('82', '46', '0', '0', '1', '0');
INSERT INTO `itemcat` VALUES ('83', '15', '0', '0', '1', '0');
INSERT INTO `itemcat` VALUES ('84', '2', '0', '0', '1', '0');
INSERT INTO `itemcat` VALUES ('85', '2', '0', '0', '1', '0');
INSERT INTO `itemcat` VALUES ('86', '27', '0', '0', '1', '0');
INSERT INTO `itemcat` VALUES ('87', '27', '0', '0', '1', '0');
INSERT INTO `itemcat` VALUES ('88', '37', '0', '0', '1', '0');
INSERT INTO `itemcat` VALUES ('89', '37', '0', '0', '1', '0');
INSERT INTO `itemcat` VALUES ('90', '38', '0', '0', '1', '0');
INSERT INTO `itemcat` VALUES ('91', '38', '0', '0', '1', '0');
INSERT INTO `itemcat` VALUES ('92', '45', '0', '0', '1', '0');
INSERT INTO `itemcat` VALUES ('93', '45', '0', '0', '1', '0');
INSERT INTO `itemcat` VALUES ('94', '45', '0', '0', '1', '0');
INSERT INTO `itemcat` VALUES ('95', '20', '0', '0', '1', '0');
INSERT INTO `itemcat` VALUES ('96', '20', '0', '0', '1', '0');
INSERT INTO `itemcat` VALUES ('97', '7', '0', '0', '1', '0');
INSERT INTO `itemcat` VALUES ('98', '7', '0', '0', '1', '0');
INSERT INTO `itemcat` VALUES ('99', '14', '0', '0', '1', '0');
INSERT INTO `itemcat` VALUES ('100', '14', '0', '0', '1', '0');
INSERT INTO `itemcat` VALUES ('101', '11', '0', '0', '1', '0');
INSERT INTO `itemcat` VALUES ('102', '11', '0', '0', '1', '0');
INSERT INTO `itemcat` VALUES ('104', '41', '0', '0', '1', '0');
INSERT INTO `itemcat` VALUES ('105', '41', '0', '0', '1', '0');
INSERT INTO `itemcat` VALUES ('106', '41', '0', '0', '1', '0');
INSERT INTO `itemcat` VALUES ('107', '41', '0', '0', '1', '0');
INSERT INTO `itemcat` VALUES ('117', '41', '0', '0', '1', '0');
INSERT INTO `itemcat` VALUES ('109', '41', '0', '0', '1', '0');
INSERT INTO `itemcat` VALUES ('110', '43', '0', '0', '1', '0');
INSERT INTO `itemcat` VALUES ('111', '43', '0', '0', '1', '0');
INSERT INTO `itemcat` VALUES ('66', '47', '0', '0', '1', '1');
INSERT INTO `itemcat` VALUES ('112', '48', '0', '0', '1', '1');
INSERT INTO `itemcat` VALUES ('113', '48', '0', '0', '1', '1');
INSERT INTO `itemcat` VALUES ('114', '48', '0', '0', '1', '1');
INSERT INTO `itemcat` VALUES ('115', '48', '0', '0', '1', '1');
INSERT INTO `itemcat` VALUES ('116', '49', '0', '0', '1', '1');
INSERT INTO `itemcat` VALUES ('133', '26', '57', '0', '0', '0');
INSERT INTO `itemcat` VALUES ('133', '51', '58', '0', '0', '0');
INSERT INTO `itemcat` VALUES ('133', '51', '57', '0', '0', '0');
INSERT INTO `itemcat` VALUES ('133', '26', '58', '0', '0', '0');
INSERT INTO `itemcat` VALUES ('134', '45', '58', '0', '0', '0');


-- ----------------------------
-- Table structure for `oblast`
-- ----------------------------
CREATE TABLE `oblast` (
  `id` int(11) NOT NULL AUTO_INCREMENT,
  `id_full` varchar(255) NOT NULL DEFAULT '',
  `is_link` tinyint(4) NOT NULL DEFAULT '0',
  `id_real` int(20) NOT NULL DEFAULT '0',
  `title` varchar(255) NOT NULL DEFAULT '',
  `title_full` text NOT NULL,
  `path` varchar(255) NOT NULL DEFAULT '',
  `path_full` text NOT NULL,
  `parent_id` int(11) NOT NULL DEFAULT '0',
  `child_id_list` text NOT NULL,
  `tree_level` int(11) NOT NULL DEFAULT '0',
  `item_count` int(11) NOT NULL DEFAULT '0',
  `item_count_full` int(11) NOT NULL DEFAULT '0',
  `link_count` int(11) NOT NULL DEFAULT '0',
  `link_count_full` int(11) NOT NULL DEFAULT '0',
  `article_count` int(11) NOT NULL DEFAULT '0',
  `article_count_full` int(11) NOT NULL DEFAULT '0',
  `last_update` datetime NOT NULL DEFAULT '0000-00-00 00:00:00',
  `sort_order` int(11) NOT NULL DEFAULT '1000',
  `sort_order_global` int(11) NOT NULL DEFAULT '0',
  `meta_keywords` text,
  `meta_descr` text,
  `image` mediumblob,
  `image_mime` varchar(20) DEFAULT NULL,
  `descr` text,
  `theme_id` int(11) NOT NULL DEFAULT '0',
  `disable_add` tinyint(4) NOT NULL DEFAULT '0',
  `disable_child_add` tinyint(4) NOT NULL DEFAULT '0',
  `display` tinyint(4) NOT NULL DEFAULT '1',
  `items_sort_order` tinyint(4) NOT NULL DEFAULT '-1',
  PRIMARY KEY (`id`),
  KEY `sort_order` (`parent_id`,`sort_order`,`title`),
  KEY `path_full` (`path_full`(255)),
  FULLTEXT KEY `title` (`title`)
) ENGINE=MyISAM AUTO_INCREMENT=59 DEFAULT CHARSET=utf8;

-- ----------------------------
-- Records of oblast
-- ----------------------------
INSERT INTO `oblast` VALUES ('1', '1', '0', '0', 'Главная', 'Главная', '', '', '-1', '57,58,56', '0', '0', '0', '0', '0', '0', '0', '0000-00-00 00:00:00', '1000', '38', '', '', '', '', null, '0', '0', '0', '1', '-1');
INSERT INTO `oblast` VALUES ('57', '1/57', '0', '0', 'Киев', 'Киев', 'kiev', 'kiev', '1', '', '1', '0', '0', '0', '0', '0', '0', '0000-00-00 00:00:00', '1000', '39', '', '', '', '', '', '0', '0', '0', '1', '-1');
INSERT INTO `oblast` VALUES ('58', '1/56/58', '0', '0', 'Таирово', 'Одесса ::: Таирово', 'tairovo', 'odessa/tairovo', '56', '', '2', '0', '0', '0', '0', '0', '0', '0000-00-00 00:00:00', '1000', '41', '', '', '', '', '', '0', '0', '0', '1', '-1');
INSERT INTO `oblast` VALUES ('56', '1/56', '0', '0', 'Одесса', 'Одесса', 'odessa', 'odessa', '1', '58', '1', '0', '0', '0', '0', '0', '0', '0000-00-00 00:00:00', '1000', '40', '', '', '', '', '', '0', '0', '0', '1', '-1');
